?
322
In base 10, what is 5144 - -2?
5146
In base 10, what is -2431 + 2?
-2429
In base 12, what is 6678 - -1?
6679
In base 7, what is -62 - 22?
-114
In base 7, what is 21 - -1?
22
In base 2, what is -1100011100 - -11?
-1100011001
In base 11, what is 0 - -33?
33
In base 16, what is c7 + 0?
c7
In base 14, what is 15 - -231?
246
In base 2, what is 10 + 110111100?
110111110
In base 13, what is 5 - 305?
-300
In base 5, what is 2 - -11043?
11100
In base 6, what is -20 - -10?
-10
In base 7, what is 1 + 136?
140
In base 10, what is -1 + 1070?
1069
In base 5, what is 32221 - 3?
32213
In base 13, what is -3 - -243?
240
In base 9, what is -1634 - -2?
-1632
In base 10, what is -8 + 618?
610
In base 2, what is 1000 + 111011000?
111100000
In base 2, what is 10 + -10111?
-10101
In base 7, what is -1 - -4?
3
In base 5, what is 1244 - 10?
1234
In base 12, what is -8 + 0?
-8
In base 4, what is -11 + 1022?
1011
In base 9, what is 0 - 423?
-423
In base 13, what is 0 + -314?
-314
In base 16, what is -e - ae7?
-af5
In base 3, what is 21200 - -12?
21212
In base 5, what is 1041 - -14?
1110
In base 7, what is 43 - 61?
-15
In base 9, what is 4 - 111?
-106
In base 10, what is 15 - 82?
-67
In base 6, what is 33 + 3?
40
In base 2, what is 1010100 - -100100?
1111000
In base 13, what is 2 + c9?
cb
In base 5, what is -10 - -2212?
2202
In base 12, what is 2 + 356?
358
In base 13, what is -2 + -5b0?
-5b2
In base 9, what is 62 - 134?
-62
In base 3, what is -100120 - -110?
-100010
In base 7, what is -1 - 4?
-5
In base 15, what is -29 - 0?
-29
In base 10, what is -2 - 7?
-9
In base 7, what is 6 - -55?
64
In base 11, what is a5 - 1?
a4
In base 3, what is -12 - -22122?
22110
In base 15, what is 243 + 1?
244
In base 2, what is -100 - 11000000001?
-11000000101
In base 14, what is 2dc - -8?
306
In base 7, what is 2604 + 1?
2605
In base 8, what is 43 + -2?
41
In base 11, what is -6536 + -2?
-6538
In base 5, what is 101 - -20?
121
In base 16, what is 38 - -29?
61
In base 4, what is 111 - -3032?
3203
In base 3, what is -2100101 + 11?
-2100020
In base 10, what is 13 - 21?
-8
In base 5, what is -1 + 10023?
10022
In base 7, what is -1666 - 3?
-2002
In base 6, what is 15 + -131?
-112
In base 7, what is 1 - 4235?
-4234
In base 6, what is -25 - -203?
134
In base 7, what is -34 - -41?
4
In base 4, what is -223 + 1031?
202
In base 7, what is -3 - 25544?
-25550
In base 9, what is -8 + 1245?
1236
In base 8, what is 15012 - -4?
15016
In base 10, what is -1 - 362?
-363
In base 2, what is -1000110111 + -11?
-1000111010
In base 10, what is 6 + 10?
16
In base 11, what is 3a + 2?
41
In base 8, what is -7 - -257?
250
In base 10, what is 0 + 63?
63
In base 12, what is -6 - -21?
17
In base 7, what is -4603 + 2?
-4601
In base 15, what is -1a51 + 3?
-1a4d
In base 5, what is 232 - -10?
242
In base 15, what is 3 + 1ce?
1d2
In base 2, what is -1101 + 11?
-1010
In base 14, what is -3 + -5c?
-61
In base 14, what is -17c9 + 2?
-17c7
In base 14, what is -c - 60?
-6c
In base 9, what is -31101 + 1?
-31100
In base 9, what is -3381 - 2?
-3383
In base 7, what is 11353 + 1?
11354
In base 12, what is -13b8 + -2?
-13ba
In base 15, what is 55a + -d?
54c
In base 2, what is -100 + 100?
0
In base 3, what is -10212 + -210?
-11122
In base 10, what is 18 - -5?
23
In base 3, what is -2 + -1000001?
-1000010
In base 15, what is 5 - -7?
c
In base 5, what is -3 + -33112?
-33120
In base 12, what is -16 + 34?
1a
In base 16, what is -3 + 446?
443
In base 14, what is -26 - -115?
cd
In base 4, what is 3 - 12?
-3
In base 10, what is 6304 - 3?
6301
In base 4, what is 3 + -1121?
-1112
In base 8, what is 35 + -13?
22
In base 4, what is 10 + -21232?
-21222
In base 11, what is 1404 + 2?
1406
In base 5, what is 1 + 114021?
114022
In base 7, what is 135 + -6?
126
In base 16, what is bd + 0?
bd
In base 3, what is -21221 + -12?
-22010
In base 3, what is -22 + 12220?
12121
In base 15, what is -1 + -7?
-8
In base 16, what is 49 + -20?
29
In base 3, what is 12110 - 122?
11211
In base 10, what is 268 - -101?
369
In base 2, what is -10 + -11111?
-100001
In base 6, what is 42 - -145?
231
In base 9, what is -3 - 315?
-318
In base 15, what is -20 - 9?
-29
In base 11, what is 10222 + -3?
1021a
In base 6, what is -14 + 453?
435
In base 15, what is -2e0 - 7?
-2e7
In base 8, what is 1 + -527?
-526
In base 9, what is -84 - 1?
-85
In base 14, what is -712 - 1?
-713
In base 4, what is -1320 - 2?
-1322
In base 5, what is -1113 - -1?
-1112
In base 4, what is 11 - -122313?
122330
In base 14, what is -3d - -7?
-36
In base 2, what is 10010000110111 + -10?
10010000110101
In base 12, what is -420 - -1?
-41b
In base 8, what is -4 + 751?
745
In base 11, what is 2386 + 1?
2387
In base 7, what is -31 - 1?
-32
In base 3, what is -101 + -10112?
-10220
In base 14, what is 2 - 1882?
-1880
In base 14, what is 184 - -4?
188
In base 13, what is -35 - -4?
-31
In base 16, what is 2 - -1c87?
1c89
In base 12, what is -6ba - -11?
-6a9
In base 2, what is -1101100001 - 11001?
-1101111010
In base 15, what is -1d - 67?
-85
In base 5, what is -10 - 2002?
-2012
In base 15, what is c + -15e?
-152
In base 2, what is -110000 + -10011?
-1000011
In base 2, what is 101000 + -11?
100101
In base 4, what is -3 - 2112?
-2121
In base 3, what is 2021 - 10202?
-1111
In base 13, what is a + -13a?
-130
In base 5, what is 21120 - 0?
21120
In base 8, what is 143 - 2?
141
In base 10, what is 77 + -6?
71
In base 8, what is 54 - -4?
60
In base 13, what is -21 - 1b?
-3c
In base 4, what is 3010 - 231?
2113
In base 11, what is 498 - -38?
525
In base 7, what is -2 - 26?
-31
In base 9, what is -8 + -2112?
-2121
In base 2, what is 1 - -1101100010?
1101100011
In base 2, what is 110 - 111001011?
-111000101
In base 3, what is -2201001 - 1?
-2201002
In base 11, what is -4 - -361?
358
In base 11, what is 1049 - 0?
1049
In base 11, what is -10 - -13?
3
In base 7, what is 5 + 2026?
2034
In base 5, what is -3 - 421?
-424
In base 12, what is -14 - 2a0?
-2b4
In base 10, what is -71 + 20?
-51
In base 8, what is 1 - 56?
-55
In base 5, what is -2 - 221?
-223
In base 7, what is -436 + 5?
-431
In base 14, what is 2 - -d6?
d8
In base 13, what is 22c + -2?
22a
In base 6, what is -5 + -432?
-441
In base 3, what is 10111 - 0?
10111
In base 7, what is -5 + 252?
244
In base 14, what is -107 - -2?
-105
In base 12, what is -6 + 55?
4b
In base 9, what is 1063 - -20?
1083
In base 15, what is -3 - 137?
-13a
In base 2, what is 11111 - 1001101?
-101110
In base 3, what is 201 - 10010?
-2102
In base 3, what is -11 + 11200?
11112
In base 8, what is 36 + -105?
-47
In base 16, what is -33b + 3?
-338
In base 11, what is -2a9 + 7?
-2a2
In base 9, what is 282 + -38?
243
In base 15, what is -3 + cbd?
cba
In base 12, what is 393 - -3?
396
In base 16, what is -5 + -43?
-48
In base 14, what is 1 - -78?
79
In base 15, what is 4 - 489?
-485
In base 2, what is -1011101 + 11?
-1011010
In base 13, what is 209 - 2?
207
In base 14, what is 44 + -45?
-1
In base 4, what is 0 + 102122?
102122
In base 5, what is -141 + 23?
-113
In base 16, what is e + 18?
26
In base 12, what is -33 + -10?
-43
In base 3, what is -220 - 11?
-1001
In base 12, what is -5 + -14?
-19
In base 3, what is 12 - 1101211?
-1101122
In base 4, what is 11 + 20212?
20223
In base 6, what is -320 - 1?
-321
In base 11, what is -4 + 80a?
806
In base 15, what is 1ba9 + 7?
1bb1
In base 12, what is -7 - 47?
-52
In base 15, what is 5 + 4?
9
In base 16, what is 2 + -44?
-42
In base 5, what is 20 + -120?
-100
In base 3, what is -10 - 2112?
-2122
In base 6, what is 145 - 3?
142
In base 15, what is 26 - 9?
1c
In base 10, what is 2 - -2122?
2124
In base 8, what is 1301 - -1?
1302
In base 14, what is -22 - 14?
-36
In base 9, what is 3 - 110?
-106
In base 16, what is 3 - db5?
-db2
In base 16, what is -61d + -1?
-61e
In base 8, what is 137 + -2?
135
In base 10, what is -447 - -3?
-444
In base 3, what is 1 - 2001?
-2000
In base 2, what is -111 - -101?
-10
In base 5, what is 1 + -3124?
-3123
In base 5, what is 3 + -2034?
-2031
In base 8, what is -7 - -3210?
3201
In base 11, what is -3591 + 0?
-3591
In base 9, what is -18 - 265?
-284
In base 14, what is -147 + -3?
-14a
In base 8, what is 427 + -5?
422
In base 15, what is 10 + -37?
-27
In base 4, what is -21231 - -11?
-21220
In base 8, what is 3 + -23?
-20
In base 